se 16*y + 5 = 11*y. Let o be (-6 - -9) + y/(-1). Is (7/(210/24))/(o/3590) a composite number?
True
Suppose 3*s = -2*w + 4*w - 20728, 13807 = -2*s - w. Is ((-33)/22)/(3/s) prime?
False
Let o be 32/(-10) + (-3 - -1)/(-10). Is (-2)/o*(-62838)/(-12) prime?
True
Suppose -b - 3 + 6 = 0. Suppose -f = b*u - 625, -5*u = -3*f + 1622 + 295. Suppose 0 = z + 3*q - 567, 2*q + f = 4*z - 1662. Is z a prime number?
False
Suppose g - 2*x - 1891 = -0*g, 4*x + 9467 = 5*g. Suppose 5*f - 2*p = -4*p + 9403, f = -4*p + g. Is f composite?
False
Let a(d) = -d**2 + 1. Let x be (-2)/(-12)*-3 + (-2)/4. Let h be a(x). Suppose -w + 140 - 45 = h. Is w a composite number?
True
Suppose 0 = -2*n + 124*q - 120*q + 1378006, -4*n + 6*q + 2756012 = 0. Is n prime?
False
Let n be (16/(-6))/((-6)/27). Let l(p) = -10 + 13*p - 111*p**2 + 266*p**2 + 0*p**3 - p**3 - 9*p - 139*p**2. Is l(n) a prime number?
False
Let w = 2087 - -217. Suppose w = -5*r + 8*r. Let x = r + -297. Is x prime?
False
Suppose -812896 - 1993654 = -10*u. Is u composite?
True
Suppose -3*u - 217 = -3*w - 10, -u + 126 = 2*w. Let b be 1/((-1)/2)*w/(-26). Let y(i) = 8*i**2 - 13*i + 7. Is y(b) prime?
False
Let l be 2145 + ((-3)/(-3))/((-15)/225*3). Let u = -2584 + 4025. Let j = l - u. Is j prime?
False
Let v(w) = 4*w**2 + 117*w**3 + 10*w + 0 - 17*w + 15 + 162*w**3. Let t be v(3). Is ((-2)/6)/(((-1)/t)/1) a composite number?
False
Let n(y) = 5*y**2 + 2*y + 31. Let j be n(-10). Let m = 162 + j. Is m prime?
True
Suppose -40*n = -45*n - 15, 0 = -5*z - 5*n + 5. Suppose 2*x - z = 0, -22*h + 17*h + 5*x = -1900. Is h a composite number?
True
Let p = 66 + -62. Suppose 0 = p*t - 5*t - 5*t. Suppose m - 2*m + 221 = t. Is m a composite number?
True
Suppose 25*k - 73446 = 35979. Is k a composite number?
True
Let h(a) = 671*a - 2632. Is h(81) a composite number?
False
Let o(c) = -c**3 + 29*c**2 - 55*c + 32. Let f be o(27). Suppose -g = -4*h - 2229, h = -f*g + 11874 - 687. Is g a composite number?
False
Let g(k) = 40*k**2 - 26*k - 24. Let l be g(-10). Suppose l = 12*p - 3888. Is p prime?
True
Let m(j) = -j**3 - 8*j + 2. Let u be m(0). Suppose -8550 = -u*v - o + 2730, -4*o + 5647 = v. Is v composite?
False
Suppose 5*h + 66*s = 72*s + 21033233, 4*h = 2*s + 16826578. Is h composite?
True
Let w(i) = -2*i - 19. Let m be w(-11). Suppose 64 + 35 = m*v. Is -3 + 4800/22 - 6/v a composite number?
True
Let r be 816/(-32)*(-4)/3. Suppose -4*o + r = -4*x - 102, 4*x + o = -131. Is (-1)/((-11)/(-2)) + (-46173)/x a composite number?
False
Let p(h) = -1052*h**2 + 51*h - 206. Let j(r) = -351*r**2 + 17*r - 69. Let a(w) = -7*j(w) + 2*p(w). Is a(9) prime?
False
Suppose 151*r - 73208561 = -22*r + 17628722. Is r a composite number?
True
Let o(z) = 440 + 436 - 6*z**2 - 2*z**3 - 871 - 19*z. Is o(-8) prime?
True
Let y = 96664 - 35831. Is y prime?
False
Let q(o) = 1021*o - 1090. Is q(33) a composite number?
False
Is 262/1179*(222595 - -2) a composite number?
True
Suppose i + 5 = 14. Let t(y) be the third derivative of 11*y**4/6 + 13*y**3/6 - 1037*y**2 + 4*y. Is t(i) a prime number?
True
Suppose -17*j + 15*j = -5*u - 6289, -2*j - 5*u = -6319. Let p = j + -1791. Is p composite?
False
Let k(b) = -3334*b**3 - 20*b**2 + 4*b + 41. Is k(-3) prime?
True
Let z(t) be the first derivative of -5*t**4/2 + 3*t**3 + 25*t**2/2 + 38*t - 81. Is z(-8) a prime number?
False
Let n be -1*4 + -1*(-11 + 3). Let p = -10 - -13. Suppose -3*d - 83 = n*c - 1155, 0 = p*c + 5*d - 815. Is c prime?
False
Is 1/(((-421711)/(-337372))/(-1) + (-10)/(-8)) a prime number?
False
Is ((-780845)/(-195))/(3/9) a prime number?
False
Suppose 5*a - 28 - 7 = -4*m, 3*m + a = 18. Suppose 0 = -j - m*b + 2447 + 3549, 0 = 4*b + 4. Is j prime?
False
Let j = 53251 - -135312. Is j prime?
True
Suppose p - 2*g = 1539498 - 360037, -p - 10*g = -1179497. Is p a prime number?
True
Suppose -64272 = -y + 4*c + 8819, 3*c + 9 = 0. Is y a composite number?
False
Let z(i) = i**3 + 5*i**2 - 3*i + 11. Let h be z(-4). Suppose 36*p = h*p - 25827. Is p a prime number?
True
Let w(g) be the third derivative of g**5/5 - 5*g**4/12 - 8*g**3/3 - g**2 + 37*g. Let j(s) be the first derivative of w(s). Is j(14) prime?
False
Let p(b) = 12*b**2 + 59*b + 21. Let w be p(-26). Suppose v + 4*c - w = 0, -v + 3*c = -2*v + 6599. Is v a prime number?
True
Let u(a) = -a**3 + 3*a**2 - 2. Let m be u(3). Let b(q) = q + 2. Let h be b(m). Suppose 317 = r - h*r. Is r prime?
True
Let b = -81102 + 214091. Is b composite?
False
Suppose -3*f - 2*s = -15413, 3*f - 10*s + 9*s = 15428. Is f composite?
True
Suppose 10*c - 5*c - 138051 = -4*m, 3*c - m = 82834. Is c a prime number?
True
Suppose -120*n - 135*n = -268*n + 231179. Is n a composite number?
False
Suppose 8*d + d - 239408 - 1041751 = 0. Is d a composite number?
True
Suppose 8*n = 159 + 241. Let o = n + -49. Is (654/(-8) - o)/((-3)/12) a prime number?
True
Let k = 273 + -220. Suppose 0 = -k*c + 48*c + 7385. Is c prime?
False
Let u = 6715 + -9501. Let q = -1956 - u. Suppose 0*m + 10*m - q = 0. Is m a prime number?
True
Let t(k) = 242*k - 9 + 317*k + 472*k. Let w = 6261 - 6259. Is t(w) composite?
False
Let w(p) = -p**3 - 9*p**2 - 5*p - 10. Let j be w(-4). Let y = 54 + j. Let k = y + 227. Is k a composite number?
False
Suppose 3*p - 1430694 = s, -5*p - 832*s + 2384501 = -830*s. Is p prime?
False
Suppose -3*b = -5*j - 482873, 75*b - 3*j - 321914 = 73*b. Is b composite?
True
Let h be 5/(40/3) + (-33)/88. Suppose 4*u - 4*n - 13640 = h, -13622 = -4*u - 0*n - 2*n. Is u a composite number?
False
Suppose 0 = 45*j - 32*j - 39. Is (-11)/33 - (-58984)/j composite?
False
Let y(r) = 7*r + 17. Let c be y(-8). Let k = c - -38. Is 154 + 20/8 + k/(-2) a composite number?
False
Let y = 33 + -34. Let f be (48 + 3 + -2)/y. Let u = 537 - f. Is u composite?
True
Suppose 14*c - 9*c - 557051 = -3*d, -c + 111405 = -2*d. Is c a prime number?
True
Let r = 1 + 2. Suppose r*u + 20502 = 5*c, -4*u - 20501 = -c - 4*c. Is c composite?
True
Suppose -7*o = -12*o - 26055. Let y = o - -8754. Is y a composite number?
True
Let h be (10/3)/((-178)/(-1068)). Let t(m) be the third derivative of 65*m**4/24 - 47*m**3/6 + m**2. Is t(h) a prime number?
False
Let f = 65 + 6846. Let k = f + -712. Let t = k + -2096. Is t a composite number?
True
Let t be -3*1/9*-104238. Let q = -22975 + t. Is q composite?
True
Suppose -894 = -8*p - 30. Suppose 3*q = 3*s + p, 0 = -3*q - 3*s + s + 113. Is q a prime number?
True
Let t = -8279 - -13145. Suppose 4*i = i + t. Is i a composite number?
True
Suppose -4*t + 16 = 4*m - 140, -m + 144 = 4*t. Suppose 0 = 5*j - 5*b + t, 0*b + 2*b - 2 = 0. Is (9/j)/((-1)/694) prime?
False
Let x(d) be the third derivative of 27*d**4/4 - 4*d**3/3 + 8*d**2. Let z be x(5). Let w = 1475 - z. Is w prime?
True
Suppose -781 = -w - t, 3*w - 2*t + 457 = 2780. Let z = w + 1726. Is z a composite number?
False
Let q(l) = -33*l**2 - 41*l - 51. Let w(r) = -10*r**2 - 10*r - 13. Let u(i) = 2*q(i) - 9*w(i). Suppose 3*y = -4*c - 21, y = 4*y - 3. Is u(c) composite?
True
Let s(c) = 8*c**3 - 6*c**2 - 8*c + 3. Let d be s(-3). Let g = -95 - d. Suppose -55*h = -59*h + g. Is h prime?
True
Suppose 64*q - 74912646 = -185*q. Is q composite?
True
Is (-3)/3*(2117264/12)/((-4)/6) a composite number?
True
Suppose -33541 + 487781 = 10*l. Let s = 64195 - l. Is s a prime number?
False
Let g be 85438/6 + (-14)/(-42)*-2. Suppose -67500 = -7*u + g. Is u a composite number?
False
Suppose 100*n - 75465 = 95*n. Let c = n + -4080. Is c a composite number?
True
Let c = 65 + -63. Suppose 9 = -2*n - 3*q - 0, 0 = -c*n + q + 11. Suppose n*z - 155 = 4*m, 83 + 20 = 2*z - 3*m. Is z prime?
True
Suppose -2*l + l + 11821 = -8*z, 3*l - 4*z = 35463. Is l a prime number?
True
Suppose 39860 = 3*k + 4*p, -k + 26581 = k - 5*p. Suppose 3*o - 13248 = -3*f, 0 = -12*f + 15*f - 5*o - k. Is f prime?
True
Suppose -5*q - u + 12377 = -3*u, q + 5*u = 2470. Suppose 4*c = -1 - 7, -y + q = 2*c. Is y composite?
True
Let x(v) = -12*v - 7. Let l(j) be the third derivative of -11*j**4/24 - 4*j**3/3 + 15*j**2. Let u(n) = 3*l(n) - 4*x(n). Is u(6) prime?
False
Let i = -15066 + 7496. Let u = i - -15779. Is u prime?
True
Let h(i) = -11*i**3 - 71*i**2 + 71*i - 25. Let p(y) = -7*y**3 - 47*y**2 + 47*y - 17. Let a(c) = 5*h(c) - 8*p(c). Is a(-18) a composite number?
False
Let l be (3/(-9) - 1)*242628/(-8). Suppose f + 2*q - 3